 of p(-8).
2, 3677
Let z(j) = -44*j**3 + j**2 - 32*j - 108. List the prime factors of z(-7).
11, 19, 73
Let m(b) be the second derivative of -b**3/3 + 4*b**2 + 15*b. Let v be m(3). Suppose 4*t + 205 = 5*y + 2*t, -v*t - 33 = -y. What are the prime factors of y?
43
Let u be (6/(-5))/((-40)/(-100)). List the prime factors of (40 - (6 + u))*8.
2, 37
Let k = 939 + -261. Suppose -3*o - 2*b = -k, 4*o - 900 = -3*b - b. What are the prime factors of o?
2, 3, 19
Let f(u) = -2*u**2 + 12*u + 2. Let h be f(6). Suppose -2*y + 4*y - 1848 = -5*k, 5*y - 4662 = -h*k. List the prime factors of (-7 - (-136)/16) + y/4.
5, 47
Let v = -6084 - -23510. List the prime factors of v.
2, 8713
Suppose -512*r + 520*r = 37432. What are the prime factors of r?
4679
Suppose -23*h + 6 = -21*h, 4*h = 3*w - 1668. What are the prime factors of w?
2, 5, 7
Let g = -24 - -26. Suppose 2*l = -2*o + g + 4, 7 = 4*l - o. What are the prime factors of 64/4 - (-1 - l)?
19
Let o(h) = 8*h**2 + 128*h + 108. What are the prime factors of o(-52)?
2, 3, 419
Let u(h) = 13 - 2*h - 7 - 1. Let q be u(-4). Suppose -744 = 9*l - q*l. List the prime factors of l.
2, 3, 31
Suppose 2*l = 3*w + 6*l + 1279, 3*l - 6 = 0. Let o = -80 - w. What are the prime factors of o?
349
Let o = -104751 - -180056. What are the prime factors of o?
5, 15061
Let c(v) = v**3 - 26*v**2 - 25*v - 44. Let j be c(27). Suppose 493 = j*t - 327. What are the prime factors of t?
2, 41
Suppose 54 = 2*v - 3*h + 5*h, -5*v + 141 = 3*h. Let c(i) = 2*i**2 - 59*i - 6. Let f be c(v). What are the prime factors of (f/(-96))/(1/(-692))?
173
Let b = 289 - -240. Suppose 193 - b = -5*c + 3*k, 2*k = -3*c + 194. What are the prime factors of c?
2, 3, 11
Let v = -12743 - -18623. What are the prime factors of v?
2, 3, 5, 7
Suppose 2*o - 4*z = 2, -2*o - 6*z + 4*z = 28. List the prime factors of -2 - o/4 - 39899/(-68).
587
Suppose 12*t - 11*t + 10 = 0. Let r(s) = -s**3 - 9*s**2 + 11*s + 10. Let q be r(t). List the prime factors of (-83 + 5)*(-1 - q).
2, 3, 13
Suppose p = 3*r - 24838, -2*r = -4*p - 9158 - 7414. List the prime factors of r.
2, 4139
Let h(d) = 2*d + 2. Let k be h(9). What are the prime factors of (-80)/k - 72*-3?
2, 53
Let t = -29603 + 49133. List the prime factors of t.
2, 3, 5, 7, 31
Suppose -45*b + 22*b + 332513 = -139976. What are the prime factors of b?
20543
Suppose -5*w = -4*d, 4*d = 6*d + 10. Let n be (-1)/(-2)*496 + w. Suppose 4*j - 5*z = j + 366, 2*j - z - n = 0. What are the prime factors of j?
2, 61
Let y be (-1)/(-1) + (-260)/(-52). Suppose 4*o - 1864 = 4*k, 481 = y*o - 5*o + 2*k. What are the prime factors of o?
3, 157
Suppose 18*a - 14*a = -1727 + 13827. List the prime factors of a.
5, 11
Suppose 0 = -11*k - 3*k - 13*k + 6507. What are the prime factors of k?
241
Let d(n) = 2*n + 66. Let w be d(-18). Suppose -w*p = -21*p - 5103. List the prime factors of p.
3, 7
What are the prime factors of 17607 + (16 - (-5 - -11))?
79, 223
Suppose -9*z + 8*z - 1 = 0. List the prime factors of 1385/10 + z/(-2).
139
Suppose -205530 = -4*u + 21*w - 23*w, -4*w = 2*u - 102786. What are the prime factors of u?
191, 269
Suppose -d - 12*n + 8754 = -10*n, 3*d - 4*n - 26262 = 0. What are the prime factors of d?
2, 3, 1459
Let l(r) = 14*r**3 + 4*r**2 - 15*r + 16. Let h be l(5). Suppose -h = -3*q + 3*s, -1180 = -0*q - 2*q - 5*s. What are the prime factors of q?
5, 7, 17
Suppose -23 = -m - 23. Suppose -17*t - 5564 + 31319 = m. What are the prime factors of t?
3, 5, 101
Let c = -77 + 77. Suppose 4*h - 20 = -2*i, c = h + 5*i + 9 - 5. Suppose 4*x = 0, 5*x = -2*n + h*n - 564. List the prime factors of n.
3, 47
Let z be 2 - ((-3)/1)/(-3) - -19. Suppose z*t - 25*t = 0. What are the prime factors of (123 - t) + (-2 - 8/4)?
7, 17
Let a be (-10)/((-7)/28*5). Suppose -a*d + 504 = -848. What are the prime factors of d?
13
Let o = -11848 + 31407. List the prime factors of o.
19559
List the prime factors of (837/(-27) - -26) + (0 - -8575).
2, 5, 857
Let u(r) = 3*r**3 - 60*r**2 + 6*r - 312. List the prime factors of u(25).
3, 37, 83
Suppose 127 - 127 = 4*x. Let c(g) = -34*g**3 - 2*g**2 - 2*g. Let v be c(-1). Suppose -v*m + 36*m - 108 = x. List the prime factors of m.
2, 3
Let y(k) = -77*k - 250. Let b be y(-24). Suppose 71*l = 73*l - b. List the prime factors of l.
17, 47
Suppose i - 5*h + 0*h = 33, 4*h = -2*i + 94. Suppose 110 = -i*u + 44*u. What are the prime factors of u?
2, 5, 11
Let m(k) = 346*k**2 + 105*k + 842. What are the prime factors of m(-8)?
2, 3, 3691
Let x = 191944 - 118697. What are the prime factors of x?
89, 823
Let u be ((-5)/(-20) - 26/(-8))*62. Let b = u + -40. Suppose -3*z = -126 - b. List the prime factors of z.
101
Suppose -4*u = -u + 2*s - 14, 2*u + 2*s - 12 = 0. Let q(d) = 5*d**2 - d - d**2 - 3*d**2 + d**u + 97. What are the prime factors of q(0)?
97
Suppose 5*s = -2*k + 768, 0 = 3*s + 4*k - 501 + 43. Let l = s - -68. What are the prime factors of l?
2, 3, 37
Suppose 73*x + 6618 = 125024. List the prime factors of x.
2, 811
Suppose 3*n + 16 = 5*j + 3, 0 = j + n - 9. Let i be (-85)/68 + (-51)/(-12). Suppose j*m = -5*q + 60, 5*q - 1 = 3*m + i. What are the prime factors of m?
7
Let q(d) = 14*d**2 - 1 - 4*d**2 + 0*d**3 - d**3 - 10*d. Suppose 20*b - 19*b + 2*a = 12, b - a - 6 = 0. What are the prime factors of q(b)?
47
Let v(y) = 297 + 3*y**2 + 4*y - 3*y**2 - 291 - 14*y**3 + 9*y**2. What are the prime factors of v(-3)?
3, 151
Suppose -2*h = 3*r + 72 - 3690, 4*r = -4*h + 7236. What are the prime factors of h?
3, 67
Let u = -2045 - -3305. What are the prime factors of (2/5)/((-8 + 17)/u)?
2, 7
Suppose -27*k + 24*k + 2*w = -24734, -3*w = 3*k - 24744. List the prime factors of k.
2, 7, 19, 31
Suppose 0*j + 1342 = -2*j. Let b = 347 - j. What are the prime factors of b?
2, 509
Suppose 0 = 26*v + 312 - 0. What are the prime factors of (3 + 178)/(-1 - v/8)?
2, 181
Suppose -2*l - 5*o + 66992 = 0, -586*l = -590*l + 5*o + 134044. What are the prime factors of l?
2, 11, 1523
What are the prime factors of 1*-5*(-102)/85*174976/96?
2, 1367
Let o = -6600 - -7952. List the prime factors of o.
2, 13
Let x(w) be the first derivative of 5*w**2/2 - 14*w + 236. Let h(a) = -a**2 + 9*a - 3. Let u be h(4). What are the prime factors of x(u)?
71
Suppose 31*x = 26*x - 10. Let h be 1333 - (2 + -5)*x/6. Suppose -5*n = 2*w - 4*w - h, 3*n + 4*w = 794. What are the prime factors of n?
2, 7, 19
Suppose -557 = -n - 0*n - 2*y, 4*y = 4*n - 2180. Let t = -288 + n. What are the prime factors of t?
3, 29
Let i = 367 - 431. What are the prime factors of 159/(-9 - i/7)?
3, 7, 53
Let r = -19255 + 28764. List the prime factors of r.
37, 257
Let p(t) be the third derivative of -t**5/30 - 7*t**4/24 + t**3/6 - 3*t**2 - 12*t. What are the prime factors of p(-3)?
2
Suppose -21560 = 5*t - 4*q - 81590, -5*t = -3*q - 60035. List the prime factors of t.
2, 5, 1201
Suppose -38*b - 12 = -40*b. Suppose 0 = -b*k + 1741 + 4073. List the prime factors of k.
3, 17, 19
Let k(w) be the second derivative of w**7/840 - w**6/720 - 7*w**5/60 + 2*w**4/3 + w. Let o(r) be the third derivative of k(r). List the prime factors of o(-7).
2, 5, 7
What are the prime factors of 438156/(-144)*12/(-9)?
4057
Let l = -224 - -315. Suppose g - l - 17 = 2*x, -x = -4*g + 425. What are the prime factors of g?
2, 53
Suppose -10*a + 61700 = 11020. Suppose 14*t + a = 12908. List the prime factors of t.
2, 5, 7
Let i = -155 - -221. Suppose 102 = 20*m - 258. Suppose -c = -m - i. List the prime factors of c.
2, 3, 7
Let t = 70 - 64. Let f be -2 + -752 - 1/(t/(-12)). What are the prime factors of ((-5)/10)/((3 + 1)/f)?
2, 47
Let x(b) = 42*b - 3. Let c be x(5). Let k be (-20 - 17)/(-1*1). Suppose 4*w - c = k. List the prime factors of w.
61
Suppose 5*d - 4*t = 184, 2*t + 10 + 22 = d. List the prime factors of -1083*(-2)/3 + d/8.
727
Let t(n) = 6 + 10 + 124*n**2 + 6*n - 1 - 3*n - 4. List the prime factors of t(3).
2, 71
Suppose 4885*f - 4918*f = -1206480. List the prime factors of f.
2, 5, 457
Suppose 3*t + 2*h - 238 = 4*h, -t + 81 = h. Suppose -78*j = -t*j + 52. List the prime factors of j.
2, 13
Suppose 18 + 22 = -4*r. Let i be 12 + -13 + 0 + r/(-2). Suppose 3*o - 4*f = 46 - 12, -i*f = -8. List the prime factors of o.
2, 7
Let x be (-3)/((6/(-18))/((-764)/9)). Let n = -326 - x. What are the prime factors of n?
2, 3, 73
Suppose 